Calculate the highest common divisor of 68 and 85.
17
What is the highest common factor of 16 and 12?
4
Calculate the highest common divisor of 37 and 740.
37
Calculate the highest common factor of 128 and 2.
2
Calculate the greatest common factor of 245 and 98.
49
What is the highest common factor of 375 and 30?
15
What is the highest common divisor of 129 and 3?
3
Calculate the greatest common factor of 11 and 935.
11
What is the greatest common divisor of 16 and 5932?
4
Calculate the highest common factor of 50 and 35.
5
Calculate the highest common factor of 1214 and 4.
2
Calculate the highest common divisor of 840 and 49.
7
Calculate the highest common factor of 15 and 51.
3
Calculate the greatest common factor of 95 and 2.
1
What is the highest common divisor of 130 and 3705?
65
Calculate the greatest common divisor of 3435 and 15.
15
What is the greatest common factor of 576 and 88?
8
Calculate the greatest common factor of 6 and 178.
2
What is the greatest common factor of 66 and 1221?
33
What is the greatest common divisor of 144 and 12?
12
What is the highest common factor of 9 and 135?
9
What is the highest common divisor of 26 and 4966?
26
What is the greatest common factor of 40 and 220?
20
What is the highest common factor of 182 and 74347?
91
Calculate the greatest common factor of 612 and 192.
12
Calculate the greatest common divisor of 50 and 150.
50
What is the greatest common factor of 47 and 564?
47
What is the highest common divisor of 391 and 143106?
391
Calculate the greatest common divisor of 17 and 3944.
17
Calculate the highest common factor of 1050 and 1785.
105
What is the highest common divisor of 50 and 9600?
50
What is the highest common divisor of 64 and 3208?
8
What is the greatest common divisor of 32 and 3200?
32
Calculate the greatest common divisor of 26 and 1417.
13
What is the greatest common divisor of 16025 and 25?
25
What is the greatest common divisor of 8790 and 120?
30
What is the greatest common divisor of 2254 and 69?
23
Calculate the highest common factor of 171 and 57.
57
Calculate the greatest common factor of 12685 and 59.
59
Calculate the highest common factor of 1639 and 33.
11
Calculate the greatest common divisor of 116053 and 281.
281
What is the highest common factor of 2119 and 26?
13
Calculate the highest common divisor of 5338 and 68.
34
What is the greatest common divisor of 123 and 3?
3
What is the greatest common factor of 247 and 133?
19
What is the highest common factor of 2 and 128?
2
What is the highest common factor of 1540 and 560?
140
What is the highest common divisor of 14 and 504?
14
Calculate the highest common factor of 540 and 20.
20
Calculate the greatest common factor of 110 and 176.
22
Calculate the highest common divisor of 2840 and 30.
10
What is the highest common factor of 6144 and 36?
12
What is the greatest common divisor of 46 and 2?
2
Calculate the highest common divisor of 994 and 14.
14
What is the highest common factor of 33 and 33?
33
What is the highest common divisor of 9 and 32463?
9
Calculate the highest common factor of 33 and 913.
11
What is the greatest common factor of 30 and 1110?
30
Calculate the highest common divisor of 464 and 32.
16
Calculate the greatest common factor of 58479 and 303.
303
What is the greatest common divisor of 78 and 390?
78
Calculate the greatest common factor of 105 and 1995.
105
Calculate the greatest common factor of 26 and 19305.
13
What is the highest common factor of 133 and 14?
7
Calculate the greatest common divisor of 39469 and 29.
29
Calculate the greatest common factor of 580 and 60.
20
What is the greatest common divisor of 533 and 246?
41
What is the greatest common factor of 168 and 11088?
168
Calculate the highest common factor of 667 and 253.
23
What is the greatest common factor of 13914 and 18?
18
What is the greatest common factor of 428 and 4?
4
Calculate the highest common divisor of 912 and 171.
57
What is the highest common divisor of 9 and 171?
9
What is the greatest common factor of 1275 and 102?
51
What is the highest common factor of 52 and 65?
13
What is the greatest common divisor of 213 and 12?
3
Calculate the highest common factor of 3082 and 46.
46
What is the greatest common factor of 80 and 760?
40
What is the highest common divisor of 42 and 1596?
42
Calculate the highest common factor of 40 and 1.
1
Calculate the greatest common divisor of 2 and 386.
2
What is the highest common factor of 2915 and 212?
53
What is the highest common divisor of 119 and 14?
7
Calculate the greatest common factor of 180 and 240.
60
What is the greatest common divisor of 17 and 10931?
17
What is the highest common factor of 2047 and 445?
89
Calculate the greatest common factor of 9 and 5139.
9
What is the greatest common divisor of 47 and 235?
47
What is the highest common factor of 92 and 20?
4
Calculate the highest common divisor of 11898 and 12.
6
What is the highest common divisor of 335 and 25?
5
Calculate the greatest common divisor of 1818 and 18.
18
Calculate the highest common divisor of 5168 and 80.
16
What is the greatest common factor of 42 and 2058?
42
What is the highest common divisor of 4000 and 4250?
250
Calculate the highest common divisor of 2485 and 35.
35
Calculate the highest common factor of 99 and 63.
9
Calculate the highest common divisor of 77 and 28.
7
What is the highest common factor of 17473 and 519?
173
What is the highest common divisor of 992 and 310?
62
Calculate the greatest common divisor of 22638 and 63.
21
Calculate the greatest common divisor of 2408 and 43.
43
Calculate the highest common divisor of 432 and 96.
48
What is the highest common factor of 30 and 798?
6
What is the highest common divisor of 795 and 477?
159
What is the highest common factor of 216 and 8?
8
Calculate the greatest common factor of 768 and 1056.
96
What is the highest common factor of 50 and 17150?
50
Calculate the highest common divisor of 1375 and 33.
11
Calculate the highest common divisor of 1053 and 13.
13
What is the highest common factor of 468 and 324?
36
What is the highest common factor of 189 and 4?
1
What is the greatest common factor of 11 and 9031?
11
Calculate the greatest common factor of 30 and 165.
15
Calculate the highest common divisor of 5798 and 52.
26
What is the greatest common factor of 1862 and 190?
38
What is the greatest common factor of 520 and 1768?
104
Calculate the highest common factor of 84 and 2289.
21
What is the highest common factor of 1408 and 264?
88
Calculate the highest common factor of 45 and 1125.
45
Calculate the greatest common factor of 16 and 4.
4
Calculate the greatest common divisor of 304 and 20824.
152
What is the greatest common factor of 212 and 8?
4
Calculate the highest common divisor of 40 and 9320.
40
Calculate the greatest common divisor of 313 and 91709.
313
What is the highest common divisor of 3828 and 66?
66
What is the highest common factor of 1 and 61?
1
Calculate the highest common factor of 154 and 66.
22
What is the greatest common factor of 1984 and 64?
64
Calculate the greatest common divisor of 17 and 221.
17
What is the highest common divisor of 86295 and 15?
15
Calculate the highest common factor of 300 and 1100.
100
What is the greatest common divisor of 405 and 189?
27
Calculate the highest common divisor of 284 and 4.
4
What is the highest common divisor of 184 and 24?
8
Calculate the greatest common factor of 344 and 8.
8
What is the greatest common factor of 16678 and 31?
31
What is the greatest common divisor of 9 and 1872?
9
Calculate the greatest common factor of 604 and 12.
4
What is the greatest common factor of 93 and 496?
31
What is the greatest common divisor of 18 and 99?
9
Calculate the greatest common factor of 81 and 1.
1
Calculate the highest common factor of 46 and 1840.
46
What is the highest common divisor of 847 and 968?
121
Calculate the greatest common divisor of 1859 and 429.
143
What is the greatest common divisor of 3854 and 470?
94
Calculate the greatest common factor of 15536 and 32.
16
What is the highest common divisor of 147 and 2009?
49
Calculate the highest common divisor of 70 and 42.
14
What is the greatest common divisor of 33 and 561?
33
Calculate the greatest common factor of 90